(d) be the third derivative of -1/8*d**4 + 1/15*d**5 + 3*d**2 - d**3 + 0 + 1/120*d**6 + 0*d. Determine k(-4).
6
Suppose 2*z + 8 = 4*k, 4*k - 5*z + 4*z = 8. Suppose -1 = -k*l + 3. Let p(i) = -i**3 + i**2 + 3*i - 1. Calculate p(l).
1
Let f(m) be the third derivative of -m**4/24 + 5*m**3/6 - 35*m**2 - 4. Let h(a) = 5 - 3*a + 2*a + 6. Let j be h(6). Determine f(j).
0
Let y(j) be the second derivative of 0 - 2*j**2 + j**3 - 1/60*j**5 - 1/120*j**6 - 1/24*j**4 + 4*j. Let t(w) be the first derivative of y(w). What is t(0)?
6
Suppose u + 2*q - 1 = 0, -3*u + 8*u = -3*q + 12. Let z(r) = 16 - 3*r + u*r + 2*r - 11. Calculate z(-6).
-7
Let d = 0 - 3. Let n be (5/d)/((-2)/(-6)). Let y(c) = c**3 - c**2 + c. Let r(u) = 7*u**3 - 2*u**2 + 2*u + 3. Let p(o) = -r(o) + 6*y(o). What is p(n)?
2
Let w(k) = 13*k**3 + 2*k**2 - k. Let l = 61 - 60. What is w(l)?
14
Let h(q) be the first derivative of 1/3*q**3 + 3*q - 4 + 5/2*q**2. What is h(-3)?
-3
Suppose t = 3 - 1. Let s be -1 + 8 - t - 2. Suppose -s*p = z - 4*p - 6, 2*p = -z. Let q(l) = l**3 - 4*l**2 + 2*l - 6. Give q(z).
2
Suppose -2*u + 5*c - 4 = 0, -u + 1 = -2*u + 2*c. Let l(q) = 1 - 2*q**3 - 2 + q**u + q - 1 - q**2. Calculate l(0).
-2
Let a(x) = 5*x**2 + x**2 - 5*x**2. What is a(3)?
9
Let y(f) be the third derivative of f**4/24 - f**3/6 - 5*f**2. Let g be y(1). Let s(u) = -u**3 - 9. What is s(g)?
-9
Suppose 16 + 6 = 2*m. Let l = -8 + m. Let n(j) = -j**2 - j + 1. What is n(l)?
-11
Let j = -16 + 26. Suppose 3*n - 3*l = 0, -2*n - j = -2*l - 2*l. Let u be (-3)/n + 2/(-5). Let p(s) = -s**2 - 2*s - 1. Calculate p(u).
0
Let a(t) = -t + 3. Suppose -3*h + 10 = -2. Determine a(h).
-1
Let l(o) = o + 5. Let a(q) = q**2 + 2*q + 9. Let j(c) = -4*a(c) + 7*l(c). Let x(m) = -m**3 + 9*m**2 - m + 8. Let k be x(9). What is j(k)?
-4
Let c be -1*(-12)/(-8)*-2. Let o(f) = f - 3 + c - 3. What is o(4)?
1
Suppose -17 = 9*j + 46. Let g(f) = -f**2 - 9*f - 7. What is g(j)?
7
Let m(v) = 23*v + 1. Suppose d = -4*s - 3, -s - 8 = 2*s - 5*d. Determine m(s).
-22
Let t(z) be the first derivative of -1/2*z**2 + 5/12*z**4 + 0*z**3 + z + 2. Let f(p) be the first derivative of t(p). Determine f(-1).
4
Let y(g) = -g**3 - 4*g**2 + 2*g - 6. Let q(v) = v**3 + 4*v**2 - v + 5. Let k(c) = 4*q(c) + 3*y(c). Determine k(-4).
-6
Let p(k) = -8*k - 1. Let u be 0*-2*1/(-4). Suppose u = -4*q + 5*r + 1, 2*q - r + 2*r + 3 = 0. Determine p(q).
7
Let y = 0 + -1. Let w(p) = 14*p**3 + 4*p**2 + 2*p - 5. Let h be ((-11)/(-2) - 3)*2. Let i(t) = 7*t**3 + 2*t**2 + t - 2. Let r(g) = h*i(g) - 2*w(g). Give r(y).
-6
Let j(z) = 4*z**3 + z**2 - 3*z**3 - 15 - 2*z**2 + z. Determine j(0).
-15
Let z(u) = u - 1. Let x(l) = -l**2 + 4*l. Let q(w) = -x(w) - 2*z(w). What is q(3)?
-7
Let a(u) = -u**2 - 3*u + 7. Suppose -40*w + 25 = -45*w. Determine a(w).
-3
Suppose -14*b = -9*b. Let x(t) = -t**2 + 5. Give x(b).
5
Suppose -u + 0*u + 1 = 0. Let g be (u - -2) + 2 + -2. Let p(h) = 3*h - 12. Let j(m) = -2*m + 8. Let k(o) = -8*j(o) - 5*p(o). Give k(g).
-1
Let s(l) = 22 + 19 - l - 38. Calculate s(5).
-2
Let w(c) = -c**3 - c**2 - c. Let v(u) = -u**3 + 3*u**2 - 10*u - 8. Let t(n) = -v(n) + 2*w(n). Suppose 5*m = -5*o + 10 - 30, 4*m - 3*o + 30 = 0. Calculate t(m).
-4
Let p(a) = 7*a**2 - 2*a - 2. Let s(c) = -6*c**2 + c + 1. Let q(y) = 5*p(y) + 6*s(y). Give q(-5).
-9
Let u(y) = -2*y**2 - 2*y - 1. Suppose 0 = 2*i + 2*k + 2*k - 28, 0 = -2*k + 10. Suppose -i*o = 1 - 21. Suppose 0 = -3*a - 3, o*a + 13 = -4*m. What is u(m)?
-5
Suppose 3*t - 5*w = 40, w - 35 = -3*t + 5*w. Let z(a) = a**2 + 4*a**3 - t*a + 3*a + 0*a**2 - 3*a**3. Suppose -3*o + 10 = -5*y - 3, 7 = -4*y - o. Determine z(y).
0
Let w(z) = -z**3 + 3*z**2 + 3*z + 3. Let q(f) = f + 12. Let t be q(-9). Give w(t).
12
Let d(p) be the third derivative of p**5/60 + p**4/24 + p**3 + 6*p**2. Let c = 0 - 0. Let n be 0/(-1 - c - -3). Calculate d(n).
6
Let c(w) = 7*w. Let r(p) = -6*p. Let i(a) = -5*c(a) - 4*r(a). Give i(1).
-11
Let w(x) = -3 + 5*x + x - 6*x + 4*x. Determine w(3).
9
Let h = 4 + -2. Suppose 2*r = 5*c + 30 - 6, r - 5*c = 22. Let n(y) = -1 - h*y - y**r - 3 - 2*y + 2. What is n(-4)?
-2
Let a(p) = -5*p - 8. Let r(f) = -9*f - 16. Let z(n) = 7*a(n) - 4*r(n). Give z(-10).
-2
Let v(w) = -w - 3. Let s = -3 - -3. Suppose s = -4*g + 3*g. Suppose -18 + 2 = 4*u - 3*o, -4*u + 2*o - 16 = g. Calculate v(u).
1
Let w(r) be the third derivative of -r**5/60 - 5*r**4/24 - r**3 + 8*r**2. Give w(-4).
-2
Let f be ((-2)/4)/((5/(-60))/(-1)). Let w(s) = s**2 + 5*s + 4. What is w(f)?
10
Let q(z) = z - 9 + 3 + 2. Give q(4).
0
Suppose -5*z + s - 4 = 0, 0*s = s - 4. Let o(d) = z - 1 - 4*d**2 - 2*d**2. Give o(-1).
-7
Let v(m) be the first derivative of -m**6/360 - m**5/30 - m**4/24 + 2*m**3/3 - 3. Let x(t) be the third derivative of v(t). Give x(-4).
-1
Let d(t) = -55*t**3 + 10*t**2 + 13*t - 4. Let l(j) = -18*j**3 + 3*j**2 + 4*j - 1. Let r(n) = 2*d(n) - 7*l(n). What is r(-1)?
-16
Let n(d) be the second derivative of d**4/4 + d**3/3 + d**2 - 18*d. Determine n(-2).
10
Let o(z) = -2*z**2 - 4*z + 2. Suppose 3*g - 36 = -3*y, 0*g + 48 = 5*y - g. Suppose -2*j = 3*d + y, 4*j = -3*d - j - 7. Determine o(d).
-14
Let h(y) = 13*y**3 - 6 + 0*y**2 - y**2 + 7 + 2*y**2 - y. What is h(1)?
14
Let k(y) be the third derivative of 5*y**2 + 1/10*y**5 + 1/4*y**4 + 1/120*y**6 + 0*y + 0*y**3 + 0. Determine k(-4).
8
Let l(f) = f**2 - 5*f - 1. Let k be l(4). Let s(o) = 4*o**2 + o - 2. Let h(v) = 3*v**2 + 2*v - 3. Let m(r) = 3*h(r) - 2*s(r). What is m(k)?
0
Let x be 1/(-1 + 12/9). Let r be (x/(-3))/(-2 - -1). Let j(f) = -6*f. What is j(r)?
-6
Let p(d) = d**2 + 13*d + 9. Let r be p(-12). Let f(c) = -c**2 - 3*c - 2. Give f(r).
-2
Let a(x) = -154 + 2*x + 4*x + 153. What is a(-3)?
-19
Let c(u) = u**2 - 3. Let o be (-3)/(3 + (-36)/10). Suppose -o*v = -2*v. Give c(v).
-3
Let j(s) be the first derivative of 0*s + 1/8*s**4 + 0*s**3 + 1 - 3/2*s**2. Let r(i) be the second derivative of j(i). Calculate r(1).
3
Let l(q) be the third derivative of 1/12*q**4 + 0 + 1/6*q**3 + 0*q + 2*q**2. Calculate l(-6).
-11
Let c be -1*(-2 - 3)/1. Let x be (c/2)/(2/4). Let k(l) = -l + 10. What is k(x)?
5
Let w(p) = -p**3 - 6*p**2 - 4*p - 2. Let d be (-7)/(-1) - (13 - 11). Suppose 0*f + f + d = 0. Determine w(f).
-7
Let h(z) = z**2 + z**3 + 2*z**2 + 7 - 63*z + 59*z + 2*z**2. Give h(-6).
-5
Let u(m) = -m - 3. Suppose -2*w + 3*w - 1 = -2*a, -4*w = 3*a + 6. Suppose 2*y - 8 = a. Let z = -8 + y. Calculate u(z).
0
Let v(x) be the first derivative of x**4/4 + 4*x**3/3 - 2*x**2 - 4*x - 1. Give v(-5).
-9
Let f be (12/(-3))/1 + 0. Let o(p) be the second derivative of p**5/120 - p**4/12 - p**3/6 + 5*p. Let t(n) be the second derivative of o(n). Calculate t(f).
-6
Let r(p) = 4*p - 2. Let z(j) = 2*j - 1 - j - 8. Let x be z(-7). Let d be x/(-7) + (-6)/21. What is r(d)?
6
Let p(r) = -r**3 - 3*r**2 + r + 1. Suppose -b - 2*v - 5 = 0, -12 = 5*b + v - 5. Let s(h) = h**2 + h - 1. Let d(x) = b*s(x) - p(x). Determine d(-3).
-3
Let l(w) = -42*w - 1 + 42*w + 2*w**2 - 6*w**3. Calculate l(1).
-5
Let q(n) = 6*n**3 - n**2 - n. Let m be (-3)/(-1) + (2 - 6). Determine q(m).
-6
Let g(d) be the third derivative of -d**4/24 - d**3 + 2*d**2. Give g(-6).
0
Let o(l) = l - 1. Let s(a) = 13*a - 7. Let i(v) = 6*o(v) - s(v). What is i(-2)?
15
Let w(b) be the first derivative of -b**4/4 + 2*b**3 - 5*b**2/2 - 7*b - 6. Let o be 2/(-3) + 34/6. Give w(o).
-7
Let c(s) = -s + 4. Let b be (3 + -6 - -9) + -2. Let y be c(b). Let n(g) be the second derivative of -g**4/12 + g**3/6 + g. What is n(y)?
0
Let p(j) = 0*j - 31 - j + 27. Give p(-6).
2
Let x(r) = -8*r + 4. Let m(n) = 1. Let o(l) = -3*m(l) + x(l). Determine o(-1).
9
Let b = 33 + -26. Let o(i) = -i**3 + 8*i**2 - 8*i - 7. Give o(b).
-14
Let o(a) = -a**3 - a**2 - a - 14. Let y be (-3 - (-1 + 1)) + 3. What is o(y)?
-14
Let d be (2 - -1)/((-3)/6). Let v(r) = -r - 11. Let k be v(d). Let n(o) be the third derivative of -o**6/120 - o**5/10 - o**4/6 + 3*o**2. What is n(k)?
-5
Let d(v) = -1 + 1 - 3*v + 4*v + 2. Calculate d(-3).
-1
Let w = 110 + -106. Let f(k) = k**2 - 3*k + 3. Determine f(w).
7
Let d(i) be the third derivative of -i**4/24 - 2*i**3/3 - i**2 - 4*i. Determine d(-4).
0
Let o(j) = j**3 - 7*j**2 - 3. Suppose 2*b + 2*f = -f + 20, -5*f + 24 = 2*b. What is o(b)?
-3
Suppose -6*g + 2 = -5*g. Suppose -3*n - 3*u + 15 = 0, 0*u = 2*n - 